What is the greatest common divisor of 91 and q?
13
Suppose 5*a - 5*d - 61 = -3*d, -5*a + 40 = 5*d. Let j be (-1095)/(-9) - (-6)/(-9). What is the highest common factor of a and j?
11
Suppose 4*d - 83 = -5*x, 4*x - d - 62 = -4. Let f(v) = x*v**2 + 3*v - 2 - 4*v + 0*v. Let z be f(2). What is the greatest common factor of z and 7?
7
Suppose -4*a + 74 = 4*l + 14, -7 = -a + l. Let k = a - 0. Calculate the greatest common factor of k and 55.
11
Let t be (-94)/14 - 2/7. Let s = 38 - t. Let k be (-196)/(-11) - 20/(-110). Calculate the greatest common divisor of k and s.
9
Suppose -3*z = -4*d - 35, -z = 2*z - 5*d - 34. Let y = 46 + -33. What is the greatest common divisor of z and y?
13
Suppose -5*j = -2*b - 0*b + 155, 0 = -j + 5. Let w(v) = v**2 - v - 15. Let d be w(-5). Calculate the highest common divisor of d and b.
15
Let z(c) = -c + 81. Let b be z(0). Suppose -5*d = -3 - 17. Let t = 13 - d. What is the greatest common divisor of b and t?
9
Let q(k) = 4*k - 2. Let h be q(11). Calculate the greatest common divisor of 28 and h.
14
Suppose 2*u - 4*u - 18 = 0. Let j(r) = -4*r. Let d be j(u). Calculate the greatest common divisor of 12 and d.
12
Suppose 3*u - 2*u = 18. Let z(n) = n + 5. Let m be z(0). Suppose i = m*i - 24. Calculate the greatest common divisor of i and u.
6
Let j(r) = r - 6. Let c be j(8). Let y be 9/(26/(-14) + c). What is the highest common factor of 7 and y?
7
Let y = 19 + -13. Let k(v) = 2*v + 9. Let u(a) = 3*a + 10. Let r(p) = 4*k(p) - 3*u(p). Let m be r(0). Calculate the greatest common factor of m and y.
6
Let a = -1 - -3. Suppose -a*i = -i - 2. Suppose 2*x = 5*r - 4, -i*r + x + 1 = -0. Calculate the greatest common factor of 22 and r.
2
Let b be (14/(-42) - (-86)/42)*21. What is the highest common divisor of 45 and b?
9
Let q(m) = m**3 - 15*m**2 - 17*m + 16. Let n be q(16). Suppose p - 5*p + 24 = n. What is the highest common factor of p and 9?
3
Suppose 0 = -3*t + 90 + 18. Calculate the highest common divisor of t and 4.
4
Let n = -19 + 10. Let a be 299/n - 4/(-18). Let h be 2 - (a - (1 + -4)). What is the greatest common factor of h and 48?
16
Let q be 1/4 + 4/(-16). Let v = -5 - q. Let i = v - -18. Calculate the greatest common divisor of i and 91.
13
Let y be 4/(-2) + (0 - -198). Let s be y/16 - 2/8. What is the greatest common factor of 8 and s?
4
Let j(c) = -c**2 - 5*c + 6. Let n be j(-5). Let d be (-168)/(-18) + 4/n. Calculate the highest common factor of d and 40.
10
Let t be 1/(1/(-88)*-1). Let m be -1 + (81/3)/3. What is the greatest common divisor of t and m?
8
Let p be (2 + 0)*1 + 1. Calculate the highest common divisor of p and 33.
3
Suppose -4*v - 80 = -9*v. Calculate the highest common divisor of v and 4.
4
Let h(f) = -f + 9. Let o be h(-7). Let j = 10 + 166. Calculate the greatest common divisor of o and j.
16
Let u be 19/2 + (10/4)/(-5). Calculate the highest common factor of 99 and u.
9
Let y = 165 + -68. Suppose -6*a + y = -155. Calculate the highest common divisor of a and 28.
14
Let v be (-243)/18*4/(-6). Calculate the greatest common factor of v and 81.
9
Let m be (-18)/10*20/(-6). Let y = m - 7. Let l = y - -49. Calculate the greatest common factor of l and 32.
16
Let j(n) be the first derivative of -7*n**2 + 10*n + 7. Let s be j(-5). Calculate the greatest common divisor of 32 and s.
16
Suppose -25 + 5 = -4*w. Calculate the greatest common factor of 40 and w.
5
Let i = -23 + 50. Suppose -i = 2*r - 11. Let q = -7 - r. Calculate the highest common factor of 10 and q.
1
Suppose 4*t = -3*g + 50, 2*g + t = 6*t - 5. Suppose 7 = 2*r - 13. Calculate the greatest common divisor of r and g.
10
Suppose 1023 = -7*r + 10*r. What is the greatest common divisor of r and 31?
31
Let z = 40 - 18. What is the greatest common factor of z and 66?
22
Let l be (-12 - (-3 + 2))/((-2)/24). Let r = -2 - -14. What is the highest common factor of l and r?
12
Let i be -3 - 0/(2 - 6). Let y be i/1*64/(-3). Calculate the greatest common factor of 8 and y.
8
Suppose 3*w - 72 = -0*w. Let c = -3 - -6. Calculate the highest common factor of w and c.
3
Suppose 2*b = 5*b + 60. Let t = -11 - b. Calculate the greatest common factor of t and 1.
1
Let m = -1 + 5. Suppose -3*s - 6 = -m*s. Suppose s*a - 2*a = 224. What is the highest common factor of 8 and a?
8
Suppose 3*u - 2*u = 2. Let k be 5/(-15) + u/(-3). Let p be k - -3*(-18)/(-2). Calculate the highest common factor of p and 182.
26
Let j be ((-30)/25)/((-6)/(-20)). Let g be ((-3)/(-2))/(j/(-72)). What is the highest common divisor of 9 and g?
9
Suppose -6*s + 15 = -s. Suppose -20 = -0*x - 4*x - q, 8 = -x + s*q. What is the greatest common divisor of x and 8?
4
Let x = 2 + -4. Let d be ((-12)/9)/(x/9). Suppose 2*c - 218 = -5*g + 4*c, 0 = -2*g - 3*c + 72. Calculate the greatest common divisor of d and g.
6
Suppose -5*u - 4*c = -106 - 15, -49 = -2*u - c. What is the highest common divisor of u and 75?
25
Let n(c) = -50*c - 2. Let j(y) = 17*y + 1. Let t(f) = -17*j(f) - 6*n(f). Let k be t(5). What is the greatest common factor of 10 and k?
10
Let x be (10/(-2) + 38)/(3 - 2). What is the greatest common factor of x and 6?
3
Suppose 44 = 4*r + 16. Let z = 64 + -109. Let b = z - -66. Calculate the highest common divisor of r and b.
7
Suppose -34 = 4*r - 0*f - 2*f, -3 = -f. Let l(m) = m + 11. Let d be l(r). Let y(a) = -a**2 + 8*a. Let w be y(6). What is the highest common divisor of w and d?
4
Let u(p) = p**2 + 9*p + 4. Let a be u(-8). Let j be 2/a*0 + 2. Suppose 3*q - 4 = -2*h, -5*q = -j*q. What is the highest common factor of 18 and h?
2
Let f be 1*2 - (0 - 5 - 24). Calculate the highest common divisor of 62 and f.
31
Let z = 10 - 6. Let w be 0 - z/(-1 + -1). Let v = 3 - w. What is the greatest common divisor of 9 and v?
1
Suppose 1 = -3*y + 4*v, -1 = 4*y - 3*y - 2*v. Suppose -a + y = -3, 5*m - 5*a + 10 = 0. Calculate the highest common factor of m and 2.
2
Suppose -7*h = -3*h - 16. Calculate the greatest common divisor of 28 and h.
4
Suppose 0 = -3*j + 6 - 30. Let l be (-1)/3*(-4 + j). Let f = -6 + 10. Calculate the greatest common divisor of l and f.
4
Suppose 0 = 2*p - 0*p + o - 38, 3*o - 51 = -3*p. Let f be 19/6 - 4/24. Calculate the highest common factor of p and f.
3
Let b be 1/(3 + (-150)/51). Calculate the highest common divisor of b and 187.
17
Let q = -13 + 21. Let a be (18/q)/(9/96). What is the highest common divisor of a and 12?
12
Let b = 167 + -149. Calculate the highest common factor of b and 144.
18
Suppose 0 = -5*a + 2*u + 1200, a = 2*a + 2*u - 228. Calculate the greatest common divisor of a and 14.
14
Suppose 15 = -5*f, 45 - 6 = 5*z - 3*f. Suppose 2*m - z*m = -88. What is the highest common divisor of 11 and m?
11
Let w = 8 - -12. What is the greatest common divisor of w and 5?
5
Let f(h) = h - 4. Let r be f(-6). Let y = 14 - r. Calculate the highest common divisor of 6 and y.
6
Let s be 5/(-30)*-9*40. Calculate the greatest common divisor of 15 and s.
15
Let j be -4 - 27/6*-4. What is the greatest common factor of j and 154?
14
Suppose 0 = 31*i - 29*i - 252. What is the highest common divisor of 14 and i?
14
Let j be (-3653)/(-52) - (-2)/(-8). Let m = 29 - 19. Calculate the highest common divisor of j and m.
10
Let z(k) = -3*k + 4. Let s be z(-5). Calculate the highest common factor of 209 and s.
19
Suppose -6*j + 2*j = -12. Calculate the greatest common factor of 24 and j.
3
Suppose 0 = 2*v - 6*v + 44. Let g be 24 - ((0 - -3) + -1). Calculate the greatest common divisor of g and v.
11
Let i(x) = -x**3 - 13*x**2 + 13*x - 6. Let m be i(-14). What is the highest common divisor of 88 and m?
8
Suppose 0 = 5*x - 3*u - 831, x = -2*u - u + 159. What is the highest common divisor of x and 15?
15
Let s = 26 - -142. Suppose x = 292 - 268. What is the highest common factor of x and s?
24
Suppose g + 4*g = 75. What is the greatest common divisor of g and 5?
5
Suppose 0 = -4*j + 4*r + 88, 0 = -2*r - 0 - 2. What is the highest common factor of 7 and j?
7
Suppose 35 = 5*g + 4*o, 5*g - 2*g - 3*o - 21 = 0. Calculate the highest common divisor of g and 35.
7
Suppose -h - 2*i = 0, -30 = -5*h + i - 5*i. Suppose -5*m + d + 105 = 0, 4*m = -0*m + d + 85. Calculate the highest common factor of h and m.
10
Let l(h) = 36*h. Let t be l(6). Let i = t - 152. Let r = -36 + i. Calculate the highest c